{"id":14796,"date":"2025-12-01T12:16:39","date_gmt":"2025-12-01T10:16:39","guid":{"rendered":"https:\/\/proterm.md\/?post_type=product&#038;p=14796"},"modified":"2026-01-01T10:07:45","modified_gmt":"2026-01-01T08:07:45","slug":"trap-dus-15x15cm-mtla15","status":"publish","type":"product","link":"https:\/\/proterm.md\/ro\/product\/trap-dus-15x15cm-mtla15\/","title":{"rendered":"Trap dus 15x15cm MTLA151"},"content":{"rendered":"<div class=\"wpb-content-wrapper\"><p>[vc_row][vc_column][vc_column_text text_larger=&#8221;no&#8221;]Unde poate fi folosit &#8211; bai si cabine de dus in apartamente, case, hoteluri, centre de fitness, spitale, piscine, bucatarii comerciale, supermarketuri, restaurante, aeroporturi, balcoane vitrate etc.<\/p>\n<p>Panta intern\u0103 a rigolei cre\u0219te debitul scurgerii \u0219i accelereaz\u0103 colectarea apei de pe suprafa\u021ba podelei. Sifonele de du\u0219 sunt o parte important\u0103 a sistemului de drenaj din baie. Ele previn \u00eenfundarea \u021bevilor \u0219i asigur\u0103 scurgerea sigur\u0103 a apei.[\/vc_column_text][\/vc_column][\/vc_row]<\/p>\n<\/div>","protected":false},"excerpt":{"rendered":"<p>Specifica\u021bii<br \/>\nGrilaj din otel inoxidabil 304 AISI 1 mm<br \/>\nPartea superioar\u0103 a carcasei m\u0103soar\u0103 150&#215;150 mm.<br \/>\n\u00cen\u0103l\u021bimea p\u0103r\u021bii superioare a carcasei este de 80 mm.<br \/>\n\u00cen\u0103l\u021bimea p\u0103r\u021bii inferioare a carcasei este de 110 mm.<br \/>\nPasaj pentru racord sifon 110 mm<br \/>\nIe\u0219ire de 50 mm \u00een partea de jos a carcasei<\/p>\n<p>Caracteristici<br \/>\nConst\u0103 din dou\u0103 p\u0103r\u021bi<br \/>\nGratar din otel inoxidabil 304 AISI<br \/>\nCadru din otel inoxidabil AISI 304<br \/>\nCorp si fusta din plastic ABS<br \/>\nCapcana gardianului murdar<br \/>\n100% impermeabilizare.<br \/>\nAntifouling<br \/>\nGarnitur\u0103-O-ring<\/p>\n","protected":false},"featured_media":14797,"template":"","meta":{"_joinchat":[]},"product_brand":[],"product_cat":[108],"product_tag":[2242],"class_list":{"0":"post-14796","1":"product","2":"type-product","3":"status-publish","4":"has-post-thumbnail","6":"product_cat-trap_de_dus","7":"product_tag-metline","8":"pa_brand-metline","9":"pa_the-length-radiator-150x150","11":"first","12":"instock","13":"shipping-taxable","14":"product-type-simple"},"_links":{"self":[{"href":"https:\/\/proterm.md\/ro\/wp-json\/wp\/v2\/product\/14796","targetHints":{"allow":["GET"]}}],"collection":[{"href":"https:\/\/proterm.md\/ro\/wp-json\/wp\/v2\/product"}],"about":[{"href":"https:\/\/proterm.md\/ro\/wp-json\/wp\/v2\/types\/product"}],"wp:featuredmedia":[{"embeddable":true,"href":"https:\/\/proterm.md\/ro\/wp-json\/wp\/v2\/media\/14797"}],"wp:attachment":[{"href":"https:\/\/proterm.md\/ro\/wp-json\/wp\/v2\/media?parent=14796"}],"wp:term":[{"taxonomy":"product_brand","embeddable":true,"href":"https:\/\/proterm.md\/ro\/wp-json\/wp\/v2\/product_brand?post=14796"},{"taxonomy":"product_cat","embeddable":true,"href":"https:\/\/proterm.md\/ro\/wp-json\/wp\/v2\/product_cat?post=14796"},{"taxonomy":"product_tag","embeddable":true,"href":"https:\/\/proterm.md\/ro\/wp-json\/wp\/v2\/product_tag?post=14796"}],"curies":[{"name":"wp","href":"https:\/\/api.w.org\/{rel}","templated":true}]}}

<div class="wpb-content-wrapper"><p>[vc_row][vc_column][vc_column_text text_larger=&#8221;no&#8221;]Unde poate fi folosit &#8211; bai si cabine de dus in apartamente, case, hoteluri, centre de fitness, spitale, piscine, bucatarii comerciale, supermarketuri, restaurante, aeroporturi, balcoane vitrate etc.</p>
<p>Panta internă a rigolei crește debitul scurgerii și accelerează colectarea apei de pe suprafața podelei. Sifonele de duș sunt o parte importantă a sistemului de drenaj din baie. Ele previn înfundarea țevilor și asigură scurgerea sigură a apei.[/vc_column_text][/vc_column][/vc_row]</p>
</div>

<p>Specificații<br />
Grilaj din otel inoxidabil 304 AISI 1 mm<br />
Partea superioară a carcasei măsoară 150&#215;150 mm.<br />
Înălțimea părții superioare a carcasei este de 80 mm.<br />
Înălțimea părții inferioare a carcasei este de 110 mm.<br />
Pasaj pentru racord sifon 110 mm<br />
Ieșire de 50 mm în partea de jos a carcasei</p>
<p>Caracteristici<br />
Constă din două părți<br />
Gratar din otel inoxidabil 304 AISI<br />
Cadru din otel inoxidabil AISI 304<br />
Corp si fusta din plastic ABS<br />
Capcana gardianului murdar<br />
100% impermeabilizare.<br />
Antifouling<br />
Garnitură-O-ring</p>
