{"id":14807,"date":"2025-12-01T12:16:27","date_gmt":"2025-12-01T10:16:27","guid":{"rendered":"https:\/\/proterm.md\/?post_type=product&#038;p=14807"},"modified":"2026-01-01T10:07:45","modified_gmt":"2026-01-01T08:07:45","slug":"trap-dus-60cm-mtld5g60","status":"publish","type":"product","link":"https:\/\/proterm.md\/ro\/product\/trap-dus-60cm-mtld5g60\/","title":{"rendered":"Trap dus 60cm MTLD5G60"},"content":{"rendered":"<div class=\"wpb-content-wrapper\"><p>[vc_row][vc_column][vc_column_text text_larger=&#8221;no&#8221;]Rigole du\u0219 din seria Metline MTLD1 sunt cea mai bun\u0103 solu\u021bie pentru cei care doresc s\u0103 ofere hidroizola\u021bii de \u00eenalt\u0103 calitate \u00een baie.<\/p>\n<p>Panta intern\u0103 a rigolei cre\u0219te debitul scurgerii \u0219i accelereaz\u0103 colectarea apei de pe suprafa\u021ba podelei. Sifonele de du\u0219 sunt o parte important\u0103 a sistemului de drenaj din baie. Ele previn \u00eenfundarea \u021bevilor \u0219i asigur\u0103 scurgerea sigur\u0103 a apei.[\/vc_column_text][\/vc_column][\/vc_row]<\/p>\n<\/div>","protected":false},"excerpt":{"rendered":"<p>Corp din plastic;<br \/>\nGrile \u0219i cadru \u2013 o\u021bel inoxidabil AISI 304;<br \/>\nBanda hidroizolatoare in complect<br \/>\nInstalare: l\u00e2ng\u0103 perete (pe podea)<br \/>\nForma: dreptunghiulara<br \/>\nLungime: 60 cm<br \/>\nConducta de racord din HDPE \u2013 \u00d8 50 mm<br \/>\n\u00cen\u0103l\u021bimea canalului \u2013 55 mm<br \/>\nInaltime reglabila: de la 23 la 75 mm<br \/>\nSifon nereglabil;<br \/>\nReglarea independent\u0103 a picioarelor;<br \/>\nCur\u0103\u021bare u\u0219oar\u0103 f\u0103r\u0103 demontare;<br \/>\nCapcan\u0103 murdar\u0103<br \/>\n100% impermeabilizare<br \/>\nFunc\u021bie anti-miros<br \/>\nMarca: METLINE<\/p>\n","protected":false},"featured_media":14808,"template":"","meta":{"_joinchat":[]},"product_brand":[],"product_cat":[108],"product_tag":[2242],"class_list":{"0":"post-14807","1":"product","2":"type-product","3":"status-publish","4":"has-post-thumbnail","6":"product_cat-trap_de_dus","7":"product_tag-metline","8":"pa_brand-metline","9":"pa_the-length-radiator-153","11":"first","12":"instock","13":"shipping-taxable","14":"product-type-simple"},"_links":{"self":[{"href":"https:\/\/proterm.md\/ro\/wp-json\/wp\/v2\/product\/14807","targetHints":{"allow":["GET"]}}],"collection":[{"href":"https:\/\/proterm.md\/ro\/wp-json\/wp\/v2\/product"}],"about":[{"href":"https:\/\/proterm.md\/ro\/wp-json\/wp\/v2\/types\/product"}],"wp:featuredmedia":[{"embeddable":true,"href":"https:\/\/proterm.md\/ro\/wp-json\/wp\/v2\/media\/14808"}],"wp:attachment":[{"href":"https:\/\/proterm.md\/ro\/wp-json\/wp\/v2\/media?parent=14807"}],"wp:term":[{"taxonomy":"product_brand","embeddable":true,"href":"https:\/\/proterm.md\/ro\/wp-json\/wp\/v2\/product_brand?post=14807"},{"taxonomy":"product_cat","embeddable":true,"href":"https:\/\/proterm.md\/ro\/wp-json\/wp\/v2\/product_cat?post=14807"},{"taxonomy":"product_tag","embeddable":true,"href":"https:\/\/proterm.md\/ro\/wp-json\/wp\/v2\/product_tag?post=14807"}],"curies":[{"name":"wp","href":"https:\/\/api.w.org\/{rel}","templated":true}]}}

<div class="wpb-content-wrapper"><p>[vc_row][vc_column][vc_column_text text_larger=&#8221;no&#8221;]Rigole duș din seria Metline MTLD1 sunt cea mai bună soluție pentru cei care doresc să ofere hidroizolații de înaltă calitate în baie.</p>
<p>Panta internă a rigolei crește debitul scurgerii și accelerează colectarea apei de pe suprafața podelei. Sifonele de duș sunt o parte importantă a sistemului de drenaj din baie. Ele previn înfundarea țevilor și asigură scurgerea sigură a apei.[/vc_column_text][/vc_column][/vc_row]</p>
</div>

<p>Corp din plastic;<br />
Grile și cadru – oțel inoxidabil AISI 304;<br />
Banda hidroizolatoare in complect<br />
Instalare: lângă perete (pe podea)<br />
Forma: dreptunghiulara<br />
Lungime: 60 cm<br />
Conducta de racord din HDPE – Ø 50 mm<br />
Înălțimea canalului – 55 mm<br />
Inaltime reglabila: de la 23 la 75 mm<br />
Sifon nereglabil;<br />
Reglarea independentă a picioarelor;<br />
Curățare ușoară fără demontare;<br />
Capcană murdară<br />
100% impermeabilizare<br />
Funcție anti-miros<br />
Marca: METLINE</p>
